4
In base 5, what is -11 - -200?
134
In base 15, what is 116 - -2a?
141
In base 13, what is 233 + 25?
258
In base 7, what is 253 - -2?
255
In base 11, what is 13 + 185?
198
In base 10, what is 14827 + 5?
14832
In base 9, what is 14 - -232?
246
In base 9, what is -1823 - -5?
-1817
In base 8, what is 4 - 1500?
-1474
In base 10, what is -36 + 1?
-35
In base 5, what is -14214 + -11?
-14230
In base 13, what is 4 - 66?
-62
In base 2, what is 11 + 11101011000?
11101011011
In base 12, what is -40 + 111?
91
In base 6, what is -100 - -2?
-54
In base 12, what is 3 - -4a43?
4a46
In base 11, what is -8 - 218?
-225
In base 4, what is 10 - 110010?
-110000
In base 8, what is 22 + -16?
4
In base 15, what is -d + 6?
-7
In base 8, what is -30 - -140?
110
In base 2, what is 101111001000 + -11?
101111000101
In base 7, what is -263 - -1?
-262
In base 14, what is -8 - -3ba?
3b2
In base 2, what is -1 + 100101?
100100
In base 13, what is -73 - -1?
-72
In base 5, what is -3244 + -4?
-3303
In base 7, what is -16152 + -3?
-16155
In base 5, what is 110 - 21?
34
In base 4, what is -31 + -23?
-120
In base 2, what is 1000 + 110111010?
111000010
In base 2, what is 101 + 1100010?
1100111
In base 7, what is 31 - 33?
-2
In base 15, what is 1 - -24?
25
In base 3, what is 11 - -1001200?
1001211
In base 2, what is -10100111001111 + 11?
-10100111001100
In base 5, what is -323 + 40?
-233
In base 2, what is -101 + -11011010?
-11011111
In base 6, what is -20 + -3?
-23
In base 15, what is -3 - 309?
-30c
In base 12, what is 19 + 5?
22
In base 11, what is -220 + -1?
-221
In base 15, what is -6b + 9?
-62
In base 15, what is 18e + -3?
18b
In base 11, what is 14a3 + 1?
14a4
In base 13, what is 2c8 - 3b?
28a
In base 7, what is 10154 - 1?
10153
In base 7, what is 6 - -340?
346
In base 8, what is -14 - -14?
0
In base 16, what is -3da2 + 4?
-3d9e
In base 9, what is 4 - -53?
57
In base 4, what is -2 + -1032?
-1100
In base 13, what is 125a + 0?
125a
In base 15, what is -11d + 2?
-11b
In base 2, what is 10 - -111111?
1000001
In base 9, what is 4 + -1662?
-1657
In base 2, what is 0 + -101?
-101
In base 15, what is -1aa - -7?
-1a3
In base 8, what is -2357 - -1?
-2356
In base 14, what is 26 + 7c?
a4
In base 7, what is 32 + 15?
50
In base 9, what is -3 - 102?
-105
In base 16, what is -637 + 5?
-632
In base 15, what is -3 - 74a?
-74d
In base 11, what is -974 - -17?
-958
In base 4, what is -110 - 11123?
-11233
In base 16, what is -12d + -3?
-130
In base 4, what is 3 - 122113?
-122110
In base 16, what is -4d - 1?
-4e
In base 6, what is 3312 - 11?
3301
In base 11, what is -4 + 9a3?
99a
In base 10, what is -5 - 102?
-107
In base 2, what is -1100 - 100011011?
-100100111
In base 14, what is -2 + -6?
-8
In base 6, what is 1222 + -1?
1221
In base 3, what is -12 - 22022201?
-22022220
In base 4, what is 11 - 213?
-202
In base 5, what is -11320 - 10?
-11330
In base 6, what is -2352 + 13?
-2335
In base 6, what is 255 + 12?
311
In base 13, what is 4c + 19?
68
In base 11, what is -13 + -20?
-33
In base 11, what is 993 - 7?
987
In base 12, what is -3 + -465?
-468
In base 4, what is -101102 - 1?
-101103
In base 15, what is -3c + -c3?
-110
In base 11, what is -1057 + 4?
-1053
In base 8, what is -304 + -4?
-310
In base 4, what is 2 + 13010?
13012
In base 11, what is -551 - 0?
-551
In base 16, what is 4 - 422?
-41e
In base 14, what is 5d - 5?
58
In base 3, what is -11 + 2102210?
2102122
In base 9, what is -4 - 6064?
-6068
In base 4, what is -31330 - -10?
-31320
In base 7, what is -5 - -11306?
11301
In base 10, what is -4 + 313?
309
In base 6, what is -25 - 5?
-34
In base 4, what is 0 + 1123?
1123
In base 2, what is 1001111 - -100?
1010011
In base 9, what is 50 - -4?
54
In base 13, what is 2840 - 0?
2840
In base 4, what is 11102 - 0?
11102
In base 7, what is 15042 + 0?
15042
In base 6, what is -55221 - 4?
-55225
In base 12, what is -5 + 18b6?
18b1
In base 11, what is 8 + 2?
a
In base 14, what is 3 + -100?
-db
In base 9, what is 4825 - 0?
4825
In base 16, what is 0 - 833?
-833
In base 11, what is -3 - 33?
-36
In base 10, what is -5 - 14?
-19
In base 3, what is -20 - 221222?
-222012
In base 10, what is 53 - -4?
57
In base 7, what is 35 + 16?
54
In base 12, what is -60 + -15?
-75
In base 14, what is -210 - -13?
-1db
In base 9, what is -3 + -21?
-24
In base 5, what is 12 + -21333?
-21321
In base 12, what is 121 + -3?
11a
In base 7, what is 0 + -11331?
-11331
In base 8, what is -537 - -1?
-536
In base 16, what is 322 + 1?
323
In base 8, what is 23 - 203?
-160
In base 2, what is -100 + -1110?
-10010
In base 4, what is 1311 + 3?
1320
In base 7, what is -2 - -33?
31
In base 2, what is -10 + 10111011110?
10111011100
In base 12, what is -4 - -339?
335
In base 4, what is -11 + -1230?
-1301
In base 6, what is 1355 - -10?
1405
In base 16, what is 11 - 2ca?
-2b9
In base 7, what is 4 - -1606?
1613
In base 12, what is -31 - -3?
-2a
In base 4, what is -30 + 10?
-20
In base 8, what is -4 - 10?
-14
In base 8, what is 1 - -35?
36
In base 15, what is -1b + -21?
-3c
In base 4, what is 23 - 231?
-202
In base 9, what is -5 + -2520?
-2525
In base 14, what is -259 + 4?
-255
In base 4, what is 3232 + 11?
3303
In base 12, what is 167 + a?
175
In base 8, what is -13 + 47?
34
In base 16, what is 4 - -e9?
ed
In base 15, what is -9 - -dd?
d4
In base 9, what is -33 + 172?
138
In base 2, what is 1001100101101 + 100?
1001100110001
In base 16, what is -4 + c84?
c80
In base 13, what is 2 - -114?
116
In base 10, what is 0 + -60?
-60
In base 12, what is 216 + -5?
211
In base 16, what is 5 + 17d?
182
In base 13, what is 1b04 + -4?
1b00
In base 14, what is 4 + -4c6?
-4c2
In base 14, what is -208 + a?
-1dc
In base 5, what is 3 - -24312?
24320
In base 2, what is -10 + -1100?
-1110
In base 15, what is -34 - -4?
-30
In base 7, what is -260 - 4?
-264
In base 8, what is -4256 - -7?
-4247
In base 12, what is -4 - -4231?
4229
In base 2, what is 1010010111 - 0?
1010010111
In base 16, what is -23 - -4?
-1f
In base 6, what is 234351 + 4?
234355
In base 8, what is 1153 - -2?
1155
In base 9, what is -7 - -4178?
4171
In base 14, what is 1 - -24b?
24c
In base 13, what is -2b9 - 0?
-2b9
In base 11, what is -54 - a6?
-14a
In base 6, what is -2 - -543?
541
In base 3, what is 11 - -1102?
1120
In base 14, what is bc5c + -4?
bc58
In base 12, what is 43 + 14?
57
In base 5, what is 10 - 1133?
-1123
In base 12, what is 5 + a25?
a2a
In base 11, what is -148a8 - 1?
-148a9
In base 14, what is 7b - 72?
9
In base 9, what is 17 + -68?
-51
In base 13, what is -234 - 2?
-236
In base 15, what is 1 + 5a?
5b
In base 11, what is 2649 - -6?
2654
In base 6, what is 13 - 150?
-133
In base 8, what is 0 - 143?
-143
In base 4, what is -1321030 - -2?
-1321022
In base 13, what is -ab - -1?
-aa
In base 10, what is 16 - 38?
-22
In base 16, what is -5 - -24d?
248
In base 5, what is 0 + 100?
100
In base 3, what is 122 - 120011?
-112112
In base 13, what is -79 + -1b?
-97
In base 9, what is -1 + 1053?
1052
In base 8, what is 6 - -62?
70
In base 11, what is 1 + 186?
187
In base 16, what is 2 + 4?
6
In base 6, what is 142 + 153?
335
In base 15, what is -3 + -11b3?
-11b6
In base 5, what is 1244 - 112?
1132
In base 3, what is 12002 + -2?
12000
In base 5, what is -44441 - -1?
-44440
In base 4, what is 223 + -12?
211
In base 3, what is 11 - -10210?
10221
In base 2, what is 101 - 10000110?
-10000001
In base 13, what is 219a + 5?
21a2
In base 6, what is -44301 - -3?
-44254
In base 15, what is 5 - c?
-7
In base 5, what is 10 - 1110?
-1100
In base 9, what is 47 + 6?
54
In base 11, what is 29 - 0?
29
In base 14, what is -4 + 55c?
558
In base 4, what is 10031 - 3?
10022
In base 4, what is -202 + -3?
-211
In base 13, what is 1 + 1c5?
1c6
In base 7, what is -5310 + -2?
-5312
In base 14, what is -8 + -8?
-12
In base 5, what is 13 - -321?
334
In base 6, what is -54 - 104?
-202
In base 11, what is 5 - -172?
177
In base 12, what is 82 + -10?
72
In base 15, what is -4e4 + 4?
-4e0
In base 16, what is -3d - -36?
-7
In base 8, what is 35 - -113?
150
In base 5, what is 43210 + -3?
43202
In base 2, what is -11011 + 1000?
-10011
In base 11, what is 3 - -40?
43
In base 14, what is 2 + -ad?
-ab
In base 14, what is 3 - -51c?
521
In base 3, what is 112122 + -1?
112121
In base 14, what is 5 + 1108?
110d
In base 9, what is -10 - -77?
67
